 and n?
13
Let j = -3225 + -567. Let m be 2 + -4 - j/16. Calculate the highest common divisor of m and 94.
47
Suppose 2*z = 5*t + 46 - 456, -2*t + 150 = 2*z. What is the greatest common divisor of 4520 and t?
40
Let r be 5/(15/9) - 193. Suppose 16*y + 732 = 18*y. Let o = r + y. Calculate the highest common factor of 16 and o.
16
Suppose 37927 = 128*q - 9*q - 22*q. Calculate the greatest common divisor of 272 and q.
17
Let q(h) = -h - 30. Let f be q(-12). Let a be 208/(-12)*-4 - 12/f. Calculate the greatest common divisor of a and 56.
14
Let x(u) = 39*u**3 - 15*u**2 + 54*u + 5. Let g be x(5). Calculate the greatest common divisor of g and 191.
191
Suppose -1761 = -5*n - 2*l, 43*n - 1764 = 38*n - 3*l. What is the greatest common factor of 39 and n?
39
Let b = 33 - 32. Let a(w) be the first derivative of 11*w**4/2 - w**3/3 + 7. Let r be a(b). Calculate the greatest common divisor of 147 and r.
21
Suppose 247 = 5*l + 22. Suppose -14603 + 4523 = -l*b. Suppose -128 = -3*y - y. What is the greatest common divisor of y and b?
32
Suppose 125 = 5*w - 85. Let m be 8/((-6)/(-15)*10/w). What is the highest common factor of m and 63?
21
Suppose 0 = -7*f + 4*f + 672. Let i = 5311 - 5283. What is the greatest common divisor of i and f?
28
Let b(t) = -92*t + 38. Suppose 27*x = 18*x - 63. Let a be b(x). Calculate the greatest common factor of 62 and a.
62
Let n be (-4)/(-18) + (-268)/(-9). Let u = 174 + -311. Let p = u + 157. Calculate the greatest common divisor of n and p.
10
Let n = -35 - -5. Let a(p) = 2*p**2 + 54*p + 12. Let j be a(n). What is the greatest common factor of j and 6?
6
Let m be (-1)/2*(-48)/2. Suppose 0 = -0*g + 5*g + 3*b - 800, 0 = 3*g - 5*b - 446. Let w = -97 + g. What is the highest common factor of m and w?
12
Suppose 2*z - 2557 = 3*d - 14518, -12 = 2*z. Calculate the highest common divisor of 14 and d.
7
Let l(d) = 41*d**2 + 114*d + 470. Let w be l(-4). What is the highest common factor of 110 and w?
10
Suppose v - 4*v - 9 = 0. Suppose 134 = 12*l + 74. Let m be ((-4)/10)/(l/1200*v). What is the greatest common factor of 112 and m?
16
Suppose -3*x = -0*x - 5*k - 140, x + 4*k = 41. Let p(n) = 5*n - 37. Let h be p(23). Let g = h - 73. What is the greatest common divisor of g and x?
5
Let y = -127 - -319. Suppose -2*b = 3*h + 18, -5*b + 5*h - 2 + 7 = 0. Let k be 1/(5/(-20))*b. What is the greatest common factor of k and y?
12
Let f(p) = 3*p**2 + 16*p - 72. Let i be f(4). Suppose 82 = 3*l - 14. Let g = l - 16. Calculate the highest common factor of g and i.
8
Suppose 0*h + 6*h = 2016. Let m be 2 - 1035/4 - (-9)/12. Let p = -200 - m. What is the greatest common divisor of h and p?
56
Let t = -480 - -486. Let w = -98 - -128. What is the greatest common factor of t and w?
6
Let o(y) = -4*y**3 + y**2 - 4*y + 18. Let z be o(-4). What is the highest common divisor of z and 36?
18
Let g(w) = -2*w**3 - 64*w**2 - 415*w - 9. Let z be g(-23). Calculate the greatest common factor of z and 272.
2
Let f = 2092 + 262. Calculate the greatest common divisor of f and 22.
22
Let j(u) = u**2 - 11*u - 54. Let a be j(16). Suppose 0 = 7*b - 5*b - 4. Suppose 0*t - 78 = -b*t. Calculate the greatest common factor of a and t.
13
Let l(r) = 7*r**3 - 8*r**2 + 209*r - 782. Let m be l(4). Let u be 17/2*(6 + -2). What is the greatest common factor of m and u?
34
Suppose 0 = -387*a + 381*a + 816. Let w be a/272 + 13*13/2. What is the greatest common divisor of 51 and w?
17
Suppose 2*t + t = -5*m + 12, -3*m + 4 = 5*t. Suppose -2*n = m*h - 428, -5*n = -4*h - 1045 - 71. What is the greatest common factor of n and 20?
20
Let o = 137 - 75. Suppose o = -9*n + 80. Let c be 76/3*15/n. What is the highest common factor of 10 and c?
10
Suppose -54*v - 13*v = -268. Suppose 2*f - 648 = -v*f. What is the highest common divisor of f and 396?
36
Let k(a) = a**2 + 4*a + 2. Let y be k(4). Let l(o) = 334*o + 40. Let r be 3/2*((-75)/9 - -9). Let f be l(r). What is the greatest common divisor of f and y?
34
Suppose -4*g - 3*d + 2608 = 0, -145*g = -148*g - 5*d + 1945. Calculate the highest common divisor of 15 and g.
5
Let g(u) = -3*u**3 - 23*u**2 + 28*u - 13. Let x be g(-9). Calculate the highest common factor of 2537 and x.
59
Suppose 2*l + 2*l = 40*l - 9072. Calculate the greatest common factor of 1500 and l.
12
Let a(k) = 54*k + 388. Let g be a(-7). Let j(w) = w**3 - 7*w**2 + w - 6. Let o be j(7). Calculate the highest common divisor of o and g.
1
Let l(c) = -42*c - 62. Suppose -10 = -3*q - 4*u - 42, -q = 4*u + 24. Let w be l(q). Calculate the greatest common factor of 4 and w.
2
Suppose -3*q = -183 + 162. Calculate the highest common divisor of 2051 and q.
7
Let k = -75 - -130. Let r(o) = -40*o - 2636. Let t be r(-67). Calculate the highest common factor of t and k.
11
Suppose -3*p = 0, y + 3*p - 7*p = 384 + 85. Suppose 0 = -38*g + 36*g + 402. Calculate the highest common divisor of y and g.
67
Let j = 2159 - 2043. What is the highest common factor of j and 6148?
116
Let m(a) = 2*a**2 + 3*a + 25. Let z be m(-11). Let d = -5573 + 5625. Calculate the highest common factor of z and d.
26
Let u(d) = 5*d**2 + 13*d + 182. Let k be u(-35). What is the greatest common factor of k and 84?
28
Let m = 204 - 164. Suppose 2*g - m = -2*w, -3*g + 5*w + 54 = -g. Let p be -2 + 1 - (-1393)/7. Calculate the highest common divisor of p and g.
22
Let i be 80/30*(-1)/(2/(-9)). Calculate the greatest common factor of 1812 and i.
12
Let u(o) be the first derivative of -47*o**2/2 + 166*o + 171. Let t be u(-6). Calculate the highest common factor of 128 and t.
64
Suppose 30*a - 4*i = 28*a + 488, 5*a - 5*i = 1220. Suppose -19*l = -a - 3. What is the highest common divisor of l and 208?
13
Suppose 10*z - 28 = 32. Let l be (324/z)/3 + -2. What is the highest common factor of 120 and l?
8
Suppose -4*j + 182 - 546 = 0. Let x = j + 96. Let u be -6*1*(-14)/105*x. What is the highest common divisor of 32 and u?
4
Let n(b) = -3*b**2 + 14*b - 2. Let h be n(11). Let r = -202 - h. Calculate the highest common divisor of r and 369.
9
Let a = 220 - 33. Let i = 10763 + -10746. Calculate the highest common factor of a and i.
17
Let j = 227 + -223. Let f = 68 - 54. What is the highest common divisor of j and f?
2
Let q be 33/(-22)*(0 + -122). Suppose 2*n - q = 77. What is the highest common divisor of 26 and n?
26
Suppose 259 = 2*s - 5*k - 226, 0 = 3*k + 3. Suppose -s = -28*h + 13*h. Calculate the highest common divisor of h and 2.
2
Suppose 30*a = 25*a - 25, 3*a = m - 55. Calculate the greatest common factor of m and 392.
8
Suppose -5*l + 417 = -178. Suppose t = 1, -5*t = -2*g + l + 66. Calculate the highest common divisor of g and 19.
19
Suppose 21402 = 4*h + 5*d, 2789*d - 2784*d = -30. What is the highest common factor of h and 114?
114
Suppose 5*x = 3*m - 21, 5 = 6*m - 2*m + x. Suppose f - 2*f - 72 = -2*l, 5*l + 4*f - 154 = 0. Calculate the greatest common factor of l and m.
2
Let x(o) = -13 - 13 + 2*o**3 + 11*o - 3 + 13 - 11*o**2. Let b be x(7). Let s = -15 + 41. What is the greatest common factor of s and b?
26
Let b(t) = -t**2 + 2*t + 5. Suppose a - 1 = 2. Let j be b(a). Suppose -12 = 3*g, 0*o - j*o - 4*g = -88. Calculate the highest common factor of 13 and o.
13
Let i be ((-96)/(-3))/(276/4071). What is the highest common divisor of 48 and i?
8
Let w(p) = p**3 - 6*p**2 + 4*p + 10. Let j be w(5). Suppose j = m, 2*m - 89 = -2*n - 3*m. What is the greatest common factor of n and 56?
8
Let a be -6 + (2 - (7 - 3)). Let m be (-22)/a + 153/(-204). What is the highest common factor of 54 and m?
2
Let b = -21519 + 21520. Calculate the greatest common divisor of 1076 and b.
1
Let m(k) = -371*k + 1763. Let h be m(-9). Calculate the highest common divisor of 2 and h.
2
Let c(z) = 3*z - 15. Let l be c(5). Suppose l = 16*i - 17*i - 1. Let u be -2*i/(-2) - (-72 - 1). Calculate the highest common factor of 8 and u.
8
Let l(h) = 2*h**2 + 6*h + 3. Let s be l(-3). Let q(t) = 11 + 5*t**2 + 5*t - t**s - 6*t - 3*t - 4. Let o be q(4). What is the highest common divisor of o and 21?
7
Suppose 4080 = 45*t - 11596 + 3616. Calculate the highest common factor of t and 10251.
67
Suppose 2*z - 1760 = -2*u, -4368 = -4*z + 4*u - 880. Let b be -36*((-8)/3)/8. What is the greatest common divisor of z and b?
12
Suppose -m = -245 + 56. Let d be (2 - 3) +